15
In base 14, what is -14 - a?
-20
In base 15, what is c - 345?
-338
In base 11, what is 12 - 61?
-4a
In base 7, what is -4 - -205?
201
In base 15, what is 3 + -5?
-2
In base 12, what is 8 + -30?
-24
In base 12, what is 316 - -3?
319
In base 9, what is -133 + -4?
-137
In base 8, what is 555 - 3?
552
In base 2, what is -100011111101 - 100?
-100100000001
In base 13, what is 4 + -46?
-42
In base 14, what is d - -bd?
cc
In base 9, what is -2 + -178?
-181
In base 10, what is 5 - -3388?
3393
In base 6, what is 51 + 531?
1022
In base 8, what is 2 + 64?
66
In base 6, what is -14 - -1342?
1324
In base 6, what is -23002 - -3?
-22555
In base 2, what is -11 + -100000011111?
-100000100010
In base 2, what is -101 + 1001?
100
In base 12, what is -52 - -3?
-4b
In base 8, what is 27 + 25?
54
In base 3, what is 100 + 1002?
1102
In base 16, what is 5 - 10d?
-108
In base 14, what is 32 + -2a?
6
In base 9, what is -3 - 12618?
-12622
In base 15, what is 3e + -5?
39
In base 15, what is -1 - -e7?
e6
In base 8, what is 1 - -20?
21
In base 10, what is -157 + -10?
-167
In base 8, what is 35712 + -1?
35711
In base 7, what is 65035 + -3?
65032
In base 4, what is -1202 - 100?
-1302
In base 6, what is -13 + 51?
34
In base 10, what is -5 + -827?
-832
In base 8, what is -31 - -37?
6
In base 9, what is 5 - 271?
-265
In base 7, what is -5 + 226?
221
In base 15, what is -3a0 - 12?
-3b2
In base 11, what is 7a6 + 1?
7a7
In base 6, what is 1142 - 5?
1133
In base 4, what is 3 + 10100?
10103
In base 15, what is 7b + -8?
73
In base 14, what is -3d + 5?
-38
In base 8, what is -5507 - 1?
-5510
In base 14, what is -68cd - 0?
-68cd
In base 14, what is 1d + d?
2c
In base 13, what is 3 - -a1?
a4
In base 4, what is 12 + -22?
-10
In base 9, what is 5 + -25?
-20
In base 14, what is -1ab - -2?
-1a9
In base 11, what is 4 + -518?
-514
In base 7, what is -121 - -2?
-116
In base 14, what is -79 + -4?
-7d
In base 13, what is 423 - -5?
428
In base 14, what is 1339 + -9?
1330
In base 3, what is 1 - 201201?
-201200
In base 14, what is 1bb8 - 3?
1bb5
In base 12, what is 217 + -1?
216
In base 14, what is -1 - 26d?
-270
In base 14, what is 0 - -122?
122
In base 8, what is 1 + 7?
10
In base 6, what is 1 - 11503?
-11502
In base 14, what is 3 + d2?
d5
In base 11, what is 5 + 12?
17
In base 14, what is 5 + -51?
-4a
In base 8, what is -3 - -201?
176
In base 4, what is 33 - -110?
203
In base 11, what is 959 - 2?
957
In base 15, what is 5 + -12c?
-127
In base 12, what is -170 + 2?
-16a
In base 3, what is 10 + -21102?
-21022
In base 2, what is 10 + 111111010?
111111100
In base 2, what is -101010 - 110101?
-1011111
In base 9, what is 3581 + -4?
3576
In base 10, what is -1 - 82?
-83
In base 3, what is 10001 + 2?
10010
In base 4, what is 111 + -210?
-33
In base 9, what is -67 - -1?
-66
In base 15, what is c + 7?
14
In base 11, what is -54 - 5?
-59
In base 5, what is 23 + -2300?
-2222
In base 5, what is -4 - 242?
-301
In base 15, what is 1 - 41d?
-41c
In base 2, what is -1 - -1?
0
In base 7, what is -1 + -1262?
-1263
In base 7, what is 2444 - -32?
2506
In base 15, what is -5 + 95?
90
In base 7, what is -352 - -3?
-346
In base 8, what is -3 + -23?
-26
In base 4, what is 10 - -110310?
110320
In base 11, what is 5 - -18?
22
In base 4, what is -120 - 13?
-133
In base 4, what is 3 - 11103?
-11100
In base 2, what is 1 - -11100011111?
11100100000
In base 11, what is 2 + -35?
-33
In base 12, what is 2 - 2ab?
-2a9
In base 2, what is 1110 + 1011?
11001
In base 6, what is -25255 - 4?
-25303
In base 12, what is -29 + 3?
-26
In base 11, what is a2 - 2?
a0
In base 14, what is -3 + -24?
-27
In base 14, what is -139 - -3?
-136
In base 12, what is 12 - -4?
16
In base 15, what is 9d - -2?
a0
In base 15, what is 31 + 165?
196
In base 11, what is 21 + a?
30
In base 11, what is 964 + 4?
968
In base 7, what is 2 - -262?
264
In base 9, what is -324 + -2?
-326
In base 4, what is 3011211 - -10?
3011221
In base 4, what is 321010 - -1?
321011
In base 10, what is 3 - -62?
65
In base 4, what is -1013220 - -1?
-1013213
In base 2, what is -1100 - -1?
-1011
In base 11, what is -551 + 0?
-551
In base 8, what is 257 + 11?
270
In base 12, what is 4 + 10?
14
In base 3, what is 2011 + -111?
1200
In base 5, what is 3 + 133?
141
In base 2, what is -1001 - 1000100?
-1001101
In base 13, what is -793 - -5?
-78b
In base 2, what is 10000101000 + 0?
10000101000
In base 5, what is -1 + -142321?
-142322
In base 3, what is -12 + 102112?
102100
In base 12, what is 197 - -b?
1a6
In base 4, what is -1223 - -3?
-1220
In base 11, what is -13 - 1a?
-32
In base 14, what is 4 + -34?
-30
In base 3, what is 11 - 202?
-121
In base 16, what is -186 - 4?
-18a
In base 4, what is 31102 + -2?
31100
In base 8, what is 72 - 164?
-72
In base 2, what is 101010010 + 1?
101010011
In base 6, what is -51 - 1100?
-1151
In base 16, what is -2af + 7?
-2a8
In base 15, what is 76 + 1?
77
In base 10, what is 0 + 92?
92
In base 12, what is 4 - 9?
-5
In base 16, what is -1 - -1?
0
In base 2, what is 1110100101 + 0?
1110100101
In base 8, what is -14 - 50?
-64
In base 9, what is 2 - -307?
310
In base 2, what is 11010010110 - 1?
11010010101
In base 13, what is -4 + -120?
-124
In base 7, what is 40 - 10?
30
In base 11, what is -222 + -3?
-225
In base 7, what is -1444 + -5?
-1452
In base 11, what is -21 - a3?
-114
In base 11, what is 4 - -42a?
433
In base 16, what is -1fa - 2?
-1fc
In base 3, what is 1121 - -21?
1212
In base 6, what is -105 + 425?
320
In base 9, what is 5 - 11?
-5
In base 8, what is -6 + -66?
-74
In base 7, what is 25 - -11?
36
In base 3, what is 20200 + -22?
20101
In base 15, what is 7 - -21?
28
In base 14, what is 31c - -3?
321
In base 9, what is -16 + -5?
-22
In base 2, what is 1011001 + -1011000?
1
In base 11, what is -1 + 70?
6a
In base 7, what is -4 + 522?
515
In base 4, what is 0 - -1001300?
1001300
In base 3, what is -11 - 21111?
-21122
In base 15, what is 4 + -16?
-12
In base 13, what is -1 + 223?
222
In base 6, what is -31 - 0?
-31
In base 2, what is -11 + 11100?
11001
In base 8, what is 577 + 0?
577
In base 4, what is 332 - -2?
1000
In base 4, what is 11 - 1331?
-1320
In base 11, what is -762 + -2?
-764
In base 9, what is -45 + 163?
117
In base 7, what is 5461 + -2?
5456
In base 6, what is 2442 - -1?
2443
In base 12, what is 2 + 31?
33
In base 15, what is 795c + 2?
795e
In base 10, what is -32 - 1?
-33
In base 9, what is 486 - -8?
505
In base 13, what is -51b + 3?
-518
In base 5, what is -10 + -221?
-231
In base 16, what is -c - 14?
-20
In base 7, what is -23 + -253?
-306
In base 14, what is 1 - 10c?
-10b
In base 5, what is -1032 + 2?
-1030
In base 2, what is -110 - 10100000?
-10100110
In base 12, what is 50 + -4?
48
In base 15, what is -14 + 43?
2e
In base 8, what is 12 + -303?
-271
In base 4, what is -21 + 10?
-11
In base 15, what is 48 - -20?
68
In base 11, what is -2 - -17?
15
In base 11, what is 5 + 5223?
5228
In base 11, what is -5 - 1086?
-1090
In base 6, what is -5 - 5?
-14
In base 5, what is -10 - -24342?
24332
In base 2, what is 1100 - 111010?
-101110
In base 5, what is 10 - -1234?
1244
In base 14, what is -2 - 447?
-449
In base 9, what is 1 - -377?
378
In base 3, what is -1222 - -20?
-1202
In base 12, what is 5 - -65?
6a
In base 12, what is 176 - 71?
105
In base 15, what is e - -4?
13
In base 7, what is -25 - -53?
25
In base 7, what is -14 - 30?
-44
In base 15, what is c - 1?
b
In base 2, what is 1001 + -1010?
-1
In base 5, what is 21 + -1124?
-1103
In base 7, what is 10 + -1026?
-1016
In base 8, what is -74 + 47?
-25
In base 9, what is -80 + 1?
-78
In base 15, what is -3 - -1a04?
1a01
In base 9, what is -13 - 41?
-54
In base 14, what is 1b - 142?
-125
In base 8, what is -7 - 115?
-124
In base 7, what is -243 + 2?
-241
In base 13, what is -3 + 857?
854
In base 12, what is 72b - -3?
732
In base 6, what is -43 - 1340?
-1423
In base 12, what is 657 - -2?
659
In base 2, what is 101 - -111111?
1000100
In base 5, what is 2212 + 1?
2213
In base 7, what is 0 + -664?
-664
In base 10, what is -8 + -16?
-24
In base 4, what is 313013 + 2?
313021
In base 7, what is 303 - 2?
301
In base 7, what is -21 + -10?
-31
In base 15, what is -858 - -3?
-855
In base 8, what is -23 - 461?
-504
In base 5, what is -4 + -1?
-10
In base 16, what is 43 - -35?
78
In base 13, what is 47 -